*w = i*w - 29. What is the units digit of (-2)/a + 60/9?
7
What is the tens digit of 888/36 + 4/(-6)?
2
Suppose -8*j + 5*j = -552. What is the tens digit of j?
8
Let o(h) = 26*h + 2. Let q(i) = -53*i - 3. Let k(p) = 5*o(p) + 3*q(p). What is the units digit of k(-1)?
0
What is the units digit of (690/40)/((-1)/(-4))?
9
Suppose 56 = -5*i - 4. Let u = -1 - i. What is the units digit of u?
1
Suppose -4*p + 74 = 2*u, 4*u - p - 188 = p. What is the units digit of u?
5
Suppose -z + 4 = -1. Suppose -z*y + 55 = -0*y. What is the units digit of 3/(-9)*-3*y?
1
Suppose -n = 4*n - 25. Suppose r - 19 = -5*m, -m = n*r - 2 + 3. What is the units digit of (r + 11)/(-2)*-1?
5
Let y = 8 + -6. Suppose 0 = d - 11 - y. What is the units digit of d?
3
Let u(m) = -m**3 - m**2 + 4*m + 1. Let g(o) = -o + 1. Let w be g(4). Let a be u(w). Suppose -2*v = -a - 3. What is the units digit of v?
5
Let l(k) = -6*k + 3. Let h(j) = 24*j - 12. Let v(n) = -4*h(n) - 15*l(n). Let s be v(-5). What is the units digit of 4/(12/s) - -2?
3
Let q(n) = -5*n**2 - n - 11. Let z(a) = -4*a**2 - 2*a - 10. Let b(p) = 5*q(p) - 6*z(p). What is the units digit of b(7)?
5
Suppose -a + 12 = -4*v - 21, -171 = -4*a + 3*v. What is the units digit of a?
5
Let l(y) = -8*y**3 - y**2 - y. Suppose 5*z = -0 - 5. What is the units digit of l(z)?
8
Suppose 5*z = 4*b - 100, 3*b + z = 3*z + 82. Suppose 5*x - f = 68, 0*f - f = 2*x - b. What is the tens digit of x?
1
Let h = 12 + -12. Let x(t) = t**3 + t**2 - t + 12. What is the tens digit of x(h)?
1
Suppose 2*f + 32 = d, -3*d + 2*f = 6*f - 56. What is the units digit of d?
4
Let p(b) = 0*b**2 - 4*b**2 - 5*b + 5*b**2 + 4. Suppose 3 = -s + 4*r, 5 = 3*s + r - 12. What is the units digit of p(s)?
4
Let g(b) = 6*b - 1. Let z be g(3). Let t = z + 10. Suppose 0 = -2*l - l + t. What is the units digit of l?
9
What is the tens digit of ((-4)/(-6))/(1276/318 - 4)?
5
Suppose 0 = -3*k - 3 + 6. What is the units digit of k?
1
Let i(x) = 3*x - 96. Let y be i(31). Let o be (-50)/(-6) - 3/9. Let w = y + o. What is the units digit of w?
5
Let i be (2/(-4))/(2/20). Let a(t) = t**3 - 2*t**2 + 2*t + 1. Let l be a(2). What is the units digit of ((-4)/l)/(1/i)?
4
What is the tens digit of 18/3*40/15?
1
What is the units digit of 1/2 + (-10)/(-4)?
3
Let k be (36/(-24))/((-2)/(-4)). What is the units digit of (-46)/6*k + 2?
5
Let u = 36 - 35. Let n(q) be the second derivative of 5*q**4/12 - q**3/6 + q**2/2 - 2*q. What is the units digit of n(u)?
5
What is the units digit of (-36)/(-8)*(26 - 4)?
9
Suppose 5*c - 2 = -2*q + 3*c, 5*c = 4*q + 23. Let y(k) = -5*k + 2. What is the units digit of y(q)?
2
Let l = -25 + 18. Let x(u) = -2*u + 16. What is the tens digit of x(l)?
3
Let q(g) = -g**2 + 5. Let l(j) = j**2 - 1. Let v(n) = 2*l(n) + q(n). Suppose i = -5, -2*x - i = -0*x - 1. What is the tens digit of v(x)?
1
Suppose -3*r = -1 - 2, -4*r = -3*x + 296. What is the tens digit of x?
0
Let a = 22 - 0. Suppose s - 3*m - a = -0*m, 3*s - 3*m - 42 = 0. Suppose 2*k = 7*k - s. What is the units digit of k?
2
Let k(p) = 20*p**3 - 6*p**2 + 5. What is the tens digit of k(2)?
4
Suppose 12*r - 16 - 20 = 0. What is the units digit of r?
3
Let n be (-86)/6 + 3/9. What is the tens digit of (2/(-3))/(n/273)?
1
Let m(k) = k - 9. Let u be m(12). What is the units digit of 1/u*(58 + -1)?
9
Let f = -13 - -5. Let z = f + 12. Suppose 5*r - 36 = 3*q, -z + 0 = 2*q. What is the units digit of r?
6
Suppose 3*c = 2*c - 8. Let j = c + 18. What is the tens digit of j?
1
Suppose 835 - 2230 = -5*b. What is the hundreds digit of b?
2
Let v = 1 - -2. Suppose -7*u + 5*d = -v*u + 931, u + 4*d + 238 = 0. What is the units digit of (2/(-6))/(6/u)?
3
Let x(v) = 5*v**2 - v. Suppose 5 - 4 = a. Let u be x(a). Suppose 2*c = -0*c + u. What is the units digit of c?
2
Let g(f) = f**3 + 8*f**2 + 6*f - 12. Suppose 7 - 1 = -n. What is the units digit of g(n)?
4
Let g = -7 + 3. Let p be g/8 - 29/(-2). Let l = p + -5. What is the units digit of l?
9
Let z = 9 + -13. Let n be (-11)/z - (-3)/12. What is the units digit of n/(3/(-4) - -1)?
2
Suppose -1552 = -5*j + 3*b - b, 308 = j - b. What is the units digit of j?
2
Let o be (-187)/(-5) - (-2)/(-5). Suppose o = 3*y + 10. What is the units digit of y?
9
Suppose 30*m - 244 = 26*m. What is the tens digit of m?
6
Let n(l) be the second derivative of -l**5/20 - l**4/12 - 2*l**3/3 - 3*l**2/2 - l. Suppose -i = 3 - 1. What is the units digit of n(i)?
9
Suppose -2*c - 11 = a, 3 = -a + 3*c + 2. Suppose n = -n + 42. What is the tens digit of (-93)/a + (-6)/n?
1
Suppose 4*f = -3*n + 19, f - 2 + 1 = 3*n. Suppose 0 = f*c - h - 2, -h = 5*c - 2*h - 2. Let u(a) = -a**3 + a**2 + a + 8. What is the units digit of u(c)?
8
Suppose -3*g - 719 = -4*s, -5*s - 4*g + 1267 = 376. What is the units digit of s?
9
Let d be (4/(-12))/(1/3). Let k = d - -1. Suppose a + k*a = 12. What is the units digit of a?
2
Let o = 2 - -24. What is the units digit of o?
6
Let j(q) = -4*q - 3. Let f be j(-2). Suppose 0 = f*r - 2*r. What is the units digit of -1 + (r + 1 - -6)?
6
Let j = 1 - 3. Let p = -5 - j. Let v(y) = -y**2 - 4*y - 2. What is the units digit of v(p)?
1
Let w(s) = 82*s. What is the tens digit of w(1)?
8
Let s = 327 - 163. What is the tens digit of s?
6
Let w(g) = 48*g**2 + g**2 - 5*g**2 - 2*g**2 + 2 + 2*g. What is the units digit of w(-1)?
2
Let i = 73 - 36. What is the tens digit of i?
3
Let m(p) = -p**3 + 9*p**2 + 5*p + 2. Let s be m(7). Let w = -93 + s. What is the tens digit of w?
4
Let q = 50 - -133. What is the hundreds digit of q?
1
Let v be (-10)/(-4)*(-12)/(-10). Let l = 3 + v. What is the units digit of l?
6
Let w(o) = -o**3 - 4*o**2 + 18*o - 10. What is the hundreds digit of w(-8)?
1
Let y(n) = n**3 + 5*n**2 + 3*n - 3. Let u be y(-4). Let g be 2 - u/2*0. Suppose -6*t + g*t = -20. What is the units digit of t?
5
Let r = -36 - -39. Suppose -4*q - 12 = -4*b, 3*q + 3*b - 9 = -42. Let o = r - q. What is the tens digit of o?
1
Let m(h) = h - 2. Let u be m(7). Let y = u + 19. What is the units digit of y?
4
Let h = 146 - 81. Suppose 3*y - h = 34. What is the units digit of y?
3
Let k be 64/10 + 4/(-10). Suppose -3*o + f = -o - 25, -2*f = -k. What is the units digit of (-141)/(-21) + 4/o?
7
Suppose 4*g + 21 = 5*g. Suppose -j + 5*w = -g, -2*w - 19 = -4*j - 7. Suppose j = -4*p + 5. What is the units digit of p?
1
Suppose 5*n + 193 = 4*c + 2*n, -3*n = c - 52. Suppose -6*o + 22 = -3*o + 5*d, 5*o - 4*d - c = 0. What is the units digit of o?
9
Let x be (1*-2)/((-8)/(-12)). Let z be -3*4*1/(-2). Let n = x + z. What is the units digit of n?
3
Let u = 168 - 78. What is the units digit of u?
0
Let v = -8 - -5. What is the units digit of 32*(v - (2 - 6))?
2
Let f(v) = -v**2 + v + 52. Let w be f(0). Let z = 73 - w. What is the tens digit of z?
2
Let r(f) = -f**3 - 4*f**2 - 6*f - 6. What is the tens digit of r(-5)?
4
Suppose 3*q - 13 + 4 = 0. Let z = -1 + q. What is the units digit of z?
2
Suppose 0 = d - 4*d - 12, 33 = 5*o - 2*d. Let a = o + -3. What is the units digit of a/(-3)*(1 - 19)?
2
Let n(i) = -2*i - 9. Let v be (0 + 8)*27/12. Suppose -t - 9 = 2*p, -t - v = p - 5*t. What is the units digit of n(p)?
3
Let b(a) = -a**2 + 8*a + 10. Let j be b(7). Let q = j + -9. What is the units digit of q?
8
Suppose 5*g + 4*f = -37, -2*g - 4*f = -4*g + 2. Let y = 8 + g. Let m(h) = -h**2 + 3*h + 2. What is the units digit of m(y)?
2
Suppose 376 = v + 4*p, 3*v + 2*v + 3*p - 1812 = 0. What is the units digit of v?
0
Let k(u) = 3*u**3 - 10*u**2 + 2*u + 8. Let o(t) = 4*t**3 - 11*t**2 + t + 8. Let s(m) = -3*k(m) + 2*o(m). What is the units digit of s(7)?
3
What is the units digit of (2/6)/(14/126)?
3
Let a(f) = -1. Let c(u) = -u - 2. Let z(d) = -3*a(d) - c(d). What is the units digit of z(-4)?
1
Let z = -13 - -19. Let y be 64/(-28) - 4/(-14). Let a = z - y. What is the units digit of a?
8
Suppose -4*k + 33 = -7. Let g = 19 + k. What is the tens digit of g?
2
Suppose v = 2*w - w + 2, 5*w + 19 = -4*v. What is the units digit of (-132)/w*1/2?
2
Let b(n) = n**2 + 5*n - 3. Let f be b(-6). Suppose -f*u + 2 = -28. What is the tens digit of u?
1
Let m(b) be the third derivative of -2*b**2 + 0 - 5/24*b**4 - 1/6*b**3 + 0*b. What is the tens digit of m(-4)?
1
Suppose -29*t + 24*t = -150. What is the units digit of t?
0
Let o = -285 + 415. What is the hun